r?
True
Is 102855433 composite?
True
Is 12083444017 prime?
False
Is 8692903 a composite number?
True
Is 6620462543 a prime number?
False
Is 6827106509 a composite number?
False
Is 24663977 a composite number?
True
Is 79781100761 prime?
True
Is 35636519101 prime?
False
Is 15164545813 composite?
False
Is 386128943 composite?
True
Is 1517102957 composite?
False
Is 1567021051 composite?
False
Is 196839329 a prime number?
False
Is 56396940889 prime?
True
Is 249174971 a composite number?
True
Is 12569452339 a prime number?
False
Is 18510148051 a composite number?
False
Is 43755461843 a prime number?
False
Is 140294667 prime?
False
Is 1386512237 a composite number?
True
Is 16290711323 a composite number?
False
Is 56072961277 composite?
False
Is 1630025749 composite?
True
Is 1903159249 prime?
False
Is 1091192437 a prime number?
False
Is 183507828181 prime?
True
Is 1145997969 a composite number?
True
Is 1517118143 a prime number?
True
Is 627406343 a composite number?
True
Is 490445821 a prime number?
True
Is 46172076601 prime?
False
Is 1188010741 composite?
True
Is 9280696042 a prime number?
False
Is 289102307 prime?
False
Is 308336923 prime?
False
Is 900329543 a composite number?
True
Is 75815371 a composite number?
True
Is 5982235843 a prime number?
False
Is 5544375343 a composite number?
True
Is 6621718477 composite?
True
Is 1020333401 prime?
True
Is 11577383 a prime number?
True
Is 12683080301 composite?
True
Is 1505041957 prime?
True
Is 806319691 a prime number?
True
Is 59961548057 prime?
True
Is 3021365761 composite?
False
Is 115907678201 a prime number?
False
Is 9209748857 composite?
False
Is 226207774105 composite?
True
Is 1773890777 prime?
True
Is 2262654149 composite?
True
Is 10456978459 a prime number?
False
Is 1159452527 a composite number?
False
Is 1842378479 a composite number?
False
Is 579692158 composite?
True
Is 168401129 a composite number?
True
Is 2036551457 prime?
False
Is 714704213 a composite number?
False
Is 870801959 composite?
False
Is 6175085503 prime?
False
Is 4805464817 a prime number?
False
Is 1303610537 prime?
False
Is 4699154231 prime?
True
Is 590310241 composite?
True
Is 13885571663 composite?
False
Is 130776017 a prime number?
True
Is 61151642 a composite number?
True
Is 3253652693 composite?
True
Is 181091023 a composite number?
False
Is 49615524187 a prime number?
True
Is 40680261751 prime?
False
Is 465336541 prime?
True
Is 773807633 a composite number?
True
Is 10522524203 composite?
False
Is 4721234641 prime?
True
Is 3959067923 prime?
True
Is 744092717 prime?
True
Is 167678274221 composite?
False
Is 28103372839 a composite number?
True
Is 44478653441 a composite number?
True
Is 647439974 composite?
True
Is 362958859 prime?
True
Is 1056953329 prime?
False
Is 42289171 a prime number?
True
Is 52627061141 prime?
True
Is 18970343917 prime?
False
Is 183836583329 composite?
True
Is 71819392349 a prime number?
True
Is 15205788067 prime?
True
Is 13300014989 composite?
False
Is 285598847 prime?
True
Is 6372354971 composite?
False
Is 3173886161 a composite number?
False
Is 8419208057 prime?
False
Is 92266959779 a prime number?
True
Is 13438908869 prime?
False
Is 968870269 a prime number?
False
Is 16670688491 composite?
False
Is 3881461751 a composite number?
False
Is 3190661567 prime?
False
Is 126207041 prime?
True
Is 24069553 a prime number?
True
Is 72674572033 a prime number?
False
Is 4377269103 prime?
False
Is 496777153 prime?
True
Is 433357709 prime?
False
Is 745724143 composite?
False
Is 41223421451 a prime number?
False
Is 318936863 a composite number?
True
Is 58987372219 composite?
False
Is 44017819567 composite?
True
Is 7527857035 a composite number?
True
Is 2853111907 composite?
False
Is 8956728973 composite?
True
Is 9750802181 a composite number?
False
Is 165443616199 composite?
True
Is 2722742257 composite?
False
Is 137664653791 composite?
True
Is 2778033997 a composite number?
True
Is 368188503 prime?
False
Is 2352977903 composite?
True
Is 2235038867 prime?
False
Is 2069696507 a prime number?
False
Is 10002689273 a prime number?
False
Is 56192757095 a composite number?
True
Is 228778841 a composite number?
True
Is 2284822493 prime?
True
Is 257566102441 a composite number?
False
Is 1490005241 prime?
True
Is 3317906411 a prime number?
True
Is 69685525909 composite?
True
Is 4853051353 a prime number?
False
Is 75666120499 prime?
False
Is 237652711 a prime number?
False
Is 53647344649 a prime number?
False
Is 257348947 a composite number?
False
Is 94142493967 prime?
False
Is 8793673961 composite?
False
Is 56105205901 composite?
False
Is 243665617 prime?
False
Is 32213160649 a prime number?
False
Is 11621330009 a prime number?
True
Is 4568526973 a prime number?
False
Is 1747662379 composite?
False
Is 6349116877 prime?
True
Is 3733805743 composite?
False
Is 116854382117 a composite number?
True
Is 5783417 a prime number?
False
Is 20298390969 a composite number?
True
Is 389389727 prime?
False
Is 8097930641 a prime number?
False
Is 2687414267 a composite number?
True
Is 22776334387 a prime number?
False
Is 7373280841 prime?
True
Is 1207217681 composite?
False
Is 48232856669 prime?
False
Is 797650939 a composite number?
False
Is 3280276247 composite?
False
Is 147426473 a composite number?
False
Is 41775092221 composite?
True
Is 496547975927 a prime number?
False
Is 13340410253 composite?
True
Is 101008267207 prime?
False
Is 664568687 a prime number?
True
Is 10983997483 a prime number?
False
Is 8119243227 a prime number?
False
Is 8653103 a prime number?
True
Is 9870204857 prime?
False
Is 9549497047 a prime number?
True
Is 3811037683 a prime number?
False
Is 4445295241 composite?
False
Is 4871491679 composite?
True
Is 3895403929 a prime number?
True
Is 29325029649 a composite number?
True
Is 7452872195 prime?
False
Is 304248379 prime?
True
Is 8546585291 composite?
False
Is 6534642451 a prime number?
True
Is 361492741 a composite number?
False
Is 97316681551 composite?
False
Is 12122720371 composite?
False
Is 17918066447 composite?
True
Is 221827367 a composite number?
False
Is 9226881991 a prime number?
True
Is 128377514977 composite?
False
Is 1302146581 composite?
True
Is 1896538121 a prime number?
False
Is 31009891447 composite?
False
Is 241683301 composite?
True
Is 16757755561 a composite number?
True
Is 31839558901 a prime number?
True
Is 45242052509 a composite number?
False
Is 67828835 prime?
False
Is 9823058863 prime?
True
Is 131408581 a composite number?
False
Is 5822379067 a composite number?
False
Is 3082459361 a prime number?
True
Is 469326551 a prime number?
True
Is 48747526579 composite?
True
Is 2425684439 prime?
False
Is 30698795893 prime?
True
Is 952693487 a composite number?
False
Is 3310682971 composite?
False
Is 47505227521 a composite number?
True
Is 2611473019 a prime number?
False
Is 102920588123 a composite number?
True
Is 102016059979 composite?
False
Is 1025836157 a composite number?
True
Is 19831435177 a composite number?
True
Is 54944209 prime?
True
Is 3192131479 prime?
True
Is 1280377955 a prime number?
False
Is 2196545147 a composite number?
False
Is 90721944991 a composite number?
False
Is 87075551863 prime?
False
Is 239311193003 a composite number?
False
Is 318498259 prime?
True
Is 37743810629 prime?
False
Is 89729459 a composite number?
True
Is 2719023337 a prime number?
True
Is 192972383 a composite number?
False
Is 760831447 prime?
False
Is 365823271 a composite number?
True
Is 3918772181 composite?
False
Is 12323152319 a prime number?
False
Is 471138413 a composite number?
False
Is 8689661833 a composite number?
False
Is 11367410893 prime?
False
Is 48417598963 a prime number?
False
Is 849535217 prime?
False
Is 4509812698 prime?
False
Is 2526884137 a prime number?
False
Is 5652315953 composite?
True
Is 20660130709 a prime number?
False
Is 23293459181 prime?
True
Is 17568891047 prime?
False
Is 761898967 a composite number?
True
Is 485818786 composite?
True
Is 4209996551 composite?
False
Is 735383737 a prime number?
False
Is 705218677 a prime number?
True
Is 21334321529 prime?
True
Is 905195111 prime?
False
Is 8713578527 prime?
True
Is 2540283229 a prime number?
False
Is 96028846019 composite?
False
Is 4884821 composite?
False
Is 2473252657 a composite number?
False
Is 17500950902 a composite